3*c + 6. What is b(q)?
-8
Let u(w) = 4*w - 3*w + 5*w + 7 + w. Let i(y) = 3*y + 3. Let h(s) = -13*i(s) + 6*u(s). What is h(-2)?
-3
Let v = 5 + -2. Let r(z) = 0*z + 0*z - z**2 - z**v. Let a be (-2)/(-7) - 2/7. What is r(a)?
0
Suppose -8 = -3*v - 2. Let d be (-4)/(-16) - (-7)/4. Let a(q) = q**3 + q - 3*q**d - 1 + 0 - q**2. What is a(v)?
-7
Let o(r) = -r - 2 - r**2 - r + r**2 + 3*r**2. Give o(-2).
14
Suppose 4 - 7 = 3*m. Let z(w) = -5*w - 7 + w + 2*w. Let v(a) = 2*a + 6. Let p(u) = 7*v(u) + 6*z(u). What is p(m)?
-2
Let r(m) be the second derivative of -1/6*m**3 - 5/24*m**4 + m + 2*m**2 + 0. Let b(n) be the first derivative of r(n). Give b(-1).
4
Let h(x) = x + 9. Let f = 118 + -130. What is h(f)?
-3
Let g = 30 + -24. Let o(l) = -l**2 + 8*l + 4. What is o(g)?
16
Let l(z) = -3*z**3 - z**2 + 3*z + 1. Let a be l(-2). Suppose -4*r + 13 + a = 0. Let p(y) = -y**2 - 1 - 4*y + r*y - 4*y. Calculate p(0).
-1
Let n(c) = -c**2 - c + 1. Let o(r) = -4*r**2 - 2*r + 3. Suppose 0*t + 2 = t. Let l(q) = t*n(q) - o(q). Let j be -3 + (-8)/(-12)*3. What is l(j)?
1
Let i = 4 - -1. Let q(j) = -11*j - 16. Let a(t) = -5*t - 7. Let m(c) = -7*a(c) + 3*q(c). Calculate m(i).
11
Let y(n) = -n**2 + 8*n + 10. Let t = 98 - 90. Calculate y(t).
10
Let w(m) = -6*m**3 + m**2 - 2*m + 1. Suppose 2 = -d + 11. Let t = d - 8. Calculate w(t).
-6
Suppose -11*u - 30 = -5*u. Let r(m) = m**3 + 4*m**2 - 6*m - 7. Calculate r(u).
-2
Let t = 4 - 0. Let h(n) = -4*n**3 + 3*n**2 - 3*n - 3. Let i(o) = -5*o**3 + 2*o**2 - 2*o - 4. Let z(f) = -4*h(f) + 3*i(f). What is z(t)?
-8
Let o(p) be the third derivative of p**4/24 + p**3 + 105*p**2. Let t = -12 - -8. Calculate o(t).
2
Suppose 3*w + 3 = 6. Let n(o) = o**3 + o**2 - 3*o - 1. Let q be n(-2). Let v(s) = 3*s - 3*s + 5*s + q. What is v(w)?
6
Let f be (1 - 0)/(7/(-28)). Let v(l) = l + 2. Give v(f).
-2
Let p(g) = 6*g - 1. Let a be p(1). Let o be -2 + (a - 0 - 2). Let r(u) = -6*u**2 - u. Determine r(o).
-7
Let c(f) = 1. Let x(o) = o + 3. Let i(u) = -2*c(u) + x(u). Calculate i(-3).
-2
Let d(w) = -w**2 + 1. Let m be d(0). Let u(x) = 2*x - 3 - 2*x + m + x. Suppose 14 = -5*y - 1. What is u(y)?
-5
Let m(t) be the second derivative of t**3/6 + t**2/2 - 13*t. What is m(3)?
4
Let z(p) = 8*p**3 - p. Suppose -3*u = -3*y + 3, y = 3*y. Calculate z(u).
-7
Let n(m) = -m**2 + 3*m + 3. Let y be n(5). Let g(t) = t**3 + 8*t**2 + 9*t + 10. Determine g(y).
-4
Let i = -37 - -34. Let c(j) = -8*j - 4. What is c(i)?
20
Let b(c) be the first derivative of c**5/60 - c**4/12 + c**3/3 + 1. Let i(m) be the third derivative of b(m). Let f(t) = t - 2. Let h be f(6). Calculate i(h).
6
Let a(j) = -j**2 - 5*j + 5. Suppose -7*s - 33 = 2. Calculate a(s).
5
Let d(v) = 5*v - 8. Let z(f) = -4*f + 8. Let l(c) = -5*d(c) - 6*z(c). Determine l(-4).
-4
Let d(c) = c**2 - 5*c + 1. Let u be d(5). Let p(q) = -28*q**3 + q**2 - 2*q + 1. Give p(u).
-28
Let d(p) = 2*p**2 + p + 1. Let a = 1 - -2. Suppose 2*x = -a*x - 10. Give d(x).
7
Let v(g) be the third derivative of g**5/60 - g**4/24 - g**2. Let o(m) = -m**2 + 5*m - 6. Let x be o(3). What is v(x)?
0
Let l(p) = -5 + 6*p + 3 + 3*p**2 - p**3 - 1 - 5*p. Let s = -3 - -6. What is l(s)?
0
Let g be (-1 + -1)/((-2)/(-5)). Let u(p) = -6*p**2 - 10*p + 8. Let q(i) = 7*i**2 + 11*i - 9. Let k(v) = g*q(v) - 6*u(v). Give k(-4).
-7
Suppose 0 = 2*n - 5 - 1. Suppose 2*r + r + n = 0. Let y(u) = 1. Let o(b) = b - 3. Let x(t) = -6*o(t) - 17*y(t). Give x(r).
7
Let g(t) = -10*t**2 + 13*t**2 + 1 + 5*t**3 + 2*t - 3*t**2. Suppose 6*h - 2*h - 8 = 0. Let k(b) = -2*b + 3. Let o be k(h). What is g(o)?
-6
Let a be (60/9)/(4/6). Let k = -8 + a. Let o(q) = q - 1. Calculate o(k).
1
Let n(j) = -1 + 0 - 3*j - 3*j**2 + 3*j - 2*j. Suppose -f = 2 - 0. Determine n(f).
-9
Let p(t) = 6*t**2 - 10*t - 4. Let u(l) = -5*l**2 - l**2 + 7*l**2 - 4 + 4*l**2 - 9*l. Let n(g) = -6*p(g) + 7*u(g). What is n(-4)?
-8
Let z(m) = 4*m + 0*m**2 - 2 - 2*m**2 + m**2 - 5*m. Let u = -4 + 2. Calculate z(u).
-4
Let z(j) = 8*j - 2. Let n(o) = -o**2 - 7*o + 32. Let f be n(-10). Calculate z(f).
14
Let l be (4/6)/(1/3). Let k(q) = q. Let h be 1*(-2 - -3) + 0. Let d(x) = -5*x + 1. Let v(y) = h*d(y) + 6*k(y). Determine v(l).
3
Let a = -41 + 14. Let f be 6/a + (-7)/9. Let v(u) = u. Let d(p) = 9*p + 1. Let n(y) = d(y) - 5*v(y). Give n(f).
-3
Let r = 5 + -11. Let y = -4 - r. Let t(x) = -2*x**y + x + 2*x**2 + 2 - x**2. Calculate t(0).
2
Let q(v) = -2*v**3 - 17*v**2 - 2*v - 19. Let m(y) = y**3 + 8*y**2 + y + 9. Let k(z) = 5*m(z) + 2*q(z). Determine k(-6).
1
Let c(u) = u**3 + u**2 - u + 1. Let x(s) = -3*s**2 - 4*s - 4. Let v(y) = -c(y) - x(y). What is v(4)?
-9
Let k(u) = u**3 - u - 1. Let r be k(-1). Let f(m) = -2*m**3 + m**2 + m. Let c be f(r). Let d(y) = -y**3 - 2*y + 3. Calculate d(c).
-9
Let g(b) = -b**3 - 12*b**2 - 4. Let t be g(-12). Let x = t - -7. Let o(c) = -c**3 + 3*c**2 + 4*c - 4. Determine o(x).
8
Let g be (-5)/(-20) + 14/8. Let q(s) = 1 - s - g*s + 5*s + s**2. Let f be q(-2). Let c(m) = -11*m**3 + 2*m - 1. Calculate c(f).
-10
Let r = 20 + -17. Suppose 4*l - r*l = 2. Let o(p) = -p**2 + p + 2. Give o(l).
0
Let y(z) = z**2 - 3*z - 5. Let c be (1/(-12)*-4)/(2/30). Give y(c).
5
Let q(k) = -2*k - 2. Let h(c) = 5*c**3 + 5*c**2 + c + 4. Let u(i) = -9*i**3 - 9*i**2 - i - 7. Let v(b) = 5*h(b) + 3*u(b). Let x be v(1). Calculate q(x).
4
Let t(q) = q**3 - 11*q**2 + 11*q - 7. Let v be t(10). Let c(r) = -1 - 2*r**2 - v*r - 6*r + 11*r. Give c(1).
-1
Let h(k) be the third derivative of -k**5/60 - k**4/24 - 5*k**3/2 + 23*k**2. What is h(0)?
-15
Let d(q) = -q**3 - 9*q**2 + 10*q + 13. Let f(l) = l**3 + 11*l**2 - 10*l + 14. Let h be f(-12). Calculate d(h).
13
Let b(f) = 2*f**3 + 4 + 0*f**3 + 3*f**2 + 0*f**3 - 3*f**3. What is b(3)?
4
Let j(b) be the second derivative of 9*b**5/20 - b**4/12 - b**3/6 - 2*b. Suppose -24 = -t + 5*v, -v - 4*v - 25 = 0. Determine j(t).
-9
Let v(p) = 8 - p**2 + 2*p**2 + 16*p - 9*p. Calculate v(-6).
2
Let s(g) = g - 2. Suppose 3*w = 9 + 9. Let o be s(w). Let q(b) = b**2 - 4*b - 4. Calculate q(o).
-4
Let o(d) = 2*d**3 - 17*d**2 - 11*d + 2. Let i(j) = -j**3 + 8*j**2 + 5*j - 1. Let m(p) = 7*i(p) + 3*o(p). What is m(5)?
9
Let s(x) = -x - 5. Let t be s(-9). Suppose -n + 6 = t. Let y(r) = -2 - 2*r**2 + 4*r**3 - r - r**3 - r**3. Calculate y(n).
4
Let y(q) be the third derivative of -q**5/30 - 5*q**4/24 + q**3/6 + 6*q**2. Calculate y(-4).
-11
Let s(i) = -i**2 - 6*i + 1. Let q(o) = o**3 - o**2. Let h be q(2). Let m be (16/h)/(4/(-6)). Determine s(m).
1
Let p = 14 + -5. Let f(t) = 7 + p*t - 4 - 2. Give f(1).
10
Let s(f) = f**2 + f + 1. Let h(w) = -2*w**2 - 2*w - 3. Let k(p) = 3*h(p) + 8*s(p). Calculate k(1).
3
Let o(w) be the second derivative of 2/3*w**3 + 4*w + 0 + 1/2*w**2 - 1/12*w**4. Calculate o(3).
4
Let m(x) = -x + 6*x + 10 + 3*x - x**2 - x. Calculate m(8).
2
Let w be ((-7)/(-2))/(-7)*-2. Let g(l) = 0 - w - 2 - 3*l. Give g(-3).
6
Let v(l) = -3*l**2 - 3. Let g(i) = 3*i**2 + i + 4. Let d(n) = 2*g(n) + 3*v(n). What is d(2)?
-9
Let c(s) = 2*s - 4. Let a = 61 + -56. What is c(a)?
6
Let m(b) be the first derivative of b**2/2 - b - 3. What is m(-6)?
-7
Suppose -5 = -2*y - 3. Let n(g) = -g + 1. Let v be n(3). Let h(w) = 24*w**2 + 11*w + 6. Let m(d) = -5*d**2 - 2*d - 1. Let k(f) = v*h(f) - 11*m(f). What is k(y)?
6
Let f(x) be the first derivative of 3*x**2/2 - 6*x + 2. Let t(c) = 4*c - 7. Let v(h) = 5*f(h) - 4*t(h). Let g(q) = 3*q + 2. Let l be g(-2). What is v(l)?
2
Let p(n) be the third derivative of -n**4/24 - 2*n**3/3 - 22*n**2. What is p(-3)?
-1
Let c(y) = -5*y - 16. Let t be c(-4). Let v(z) = -z**3 + 4*z**2 - z + 4. Give v(t).
0
Let n(o) = -o**3 + o**2 + 2*o - 2. Let q(t) = -2*t**2 - 5*t - 8. Let y(g) = 3 + 1 - g**2 + 2*g**2 + 2*g. Let a(v) = 3*q(v) + 5*y(v). Let k be a(-3). Give n(k).
-2
Let n(u) = -7*u**2 - 2*u + 1. Let j(f) = -2*f + 2. Let c be j(-4). Suppose 0 = 2*z + 4*p - c, z = 5*z - 2*p. Determine n(z).
-8
Let b(j) be the third derivative of -j**6/120 - j**5/15 + 5*j**4/24 - j**3/6 + 8*j**2. What is b(-5)?
-1
Let t(l) = -l**2 + 7*l - 5. Suppose 5*o = -4*b - 56, 33 = -5*o - b - 26. Let c = o - -17. What is t(c)?
5
Let k(a) = a**3 + a**2 - a - 2. Let b(q) = -q - 5. Let s(g) = g + 10. Let o be s(-8). Suppose -o*n - 5*m = -7*n, 24 = -4*n - 4*m. Let d be b(n). Determine k(d).
-4
Let b(o) = o**3 + 3*o**2 + 3*o + 2. Supp